{"id":400,"date":"2014-12-10T10:43:54","date_gmt":"2014-12-10T10:43:54","guid":{"rendered":"https:\/\/demos.pixelgrade.com\/mies\/profile-2\/"},"modified":"2015-01-06T14:47:32","modified_gmt":"2015-01-06T14:47:32","slug":"profile","status":"publish","type":"page","link":"https:\/\/demos.pixelgrade.com\/mies\/profile\/?lang=de","title":{"rendered":"Profil"},"content":{"rendered":"<div class=\"twocolumn\">\n<p>Bern Zweig gegr\u00fcndet <strong>MIES<\/strong> Studio im Jahr 2014 nach einer erfolgreichen Karriere mit Top-Praktiken in London und Amsterdam. Wir sind eine Praxis, die sich auf die Bereitstellung au\u00dfergew\u00f6hnliches Design mit ber\u00fccksichtigt und pers\u00f6nlichem Service konzentriert. Unsere Arbeit zielt darauf ab, einen nachhaltigen Beitrag zur urbanen und nat\u00fcrlichen Kontext von Herausforderung zu machen, provozieren und begeistern. Wir sind eine Praxis, die Funktionalit\u00e4t wird zur Grundlage des Projekts ist von Poesie und Know-how der Architekten der Agentur konzentriert sich bereichert. Viel Aufmerksamkeit wird auf die Wahl der Materialien und dem Einfluss von Licht auf einen <a href=\"#\">Architektur<\/a>, die von au\u00dfen gesehen und sah den Innen Fachwissen von Architekten der Agentur auf die Wahl zu zahlen gezahlt.<\/p>\n<\/div>\n","protected":false},"excerpt":{"rendered":"<p>Bern Zweig gegr\u00fcndet MIES Studio im Jahr 2014 nach einer erfolgreichen Karriere mit Top-Praktiken in London und Amsterdam. Wir sind eine Praxis, die sich auf die Bereitstellung au\u00dfergew\u00f6hnliches Design mit ber\u00fccksichtigt und pers\u00f6nlichem Service konzentriert. Unsere Arbeit zielt darauf ab, einen nachhaltigen Beitrag zur urbanen und nat\u00fcrlichen Kontext von Herausforderung zu machen, provozieren und begeistern&#8230;<\/p>\n","protected":false},"author":964,"featured_media":0,"parent":0,"menu_order":0,"comment_status":"closed","ping_status":"closed","template":"","meta":{"footnotes":""},"class_list":["post-400","page","type-page","status-publish","hentry"],"yoast_head":"<!-- This site is optimized with the Yoast SEO plugin v19.3 - https:\/\/yoast.com\/wordpress\/plugins\/seo\/ -->\n<title>Profil - MIES<\/title>\n<meta name=\"robots\" content=\"noindex, follow, max-snippet:-1, max-image-preview:large, max-video-preview:-1\" \/>\n<meta property=\"og:locale\" content=\"en_US\" \/>\n<meta property=\"og:type\" content=\"article\" \/>\n<meta property=\"og:title\" content=\"Profil - MIES\" \/>\n<meta property=\"og:description\" content=\"Bern Zweig gegr\u00fcndet MIES Studio im Jahr 2014 nach einer erfolgreichen Karriere mit Top-Praktiken in London und Amsterdam. Wir sind eine Praxis, die sich auf die Bereitstellung au\u00dfergew\u00f6hnliches Design mit ber\u00fccksichtigt und pers\u00f6nlichem Service konzentriert. Unsere Arbeit zielt darauf ab, einen nachhaltigen Beitrag zur urbanen und nat\u00fcrlichen Kontext von Herausforderung zu machen, provozieren und begeistern...\" \/>\n<meta property=\"og:url\" content=\"https:\/\/demos.pixelgrade.com\/mies\/profile\/?lang=de\" \/>\n<meta property=\"og:site_name\" content=\"MIES\" \/>\n<meta property=\"article:modified_time\" content=\"2015-01-06T14:47:32+00:00\" \/>\n<meta name=\"twitter:card\" content=\"summary\" \/>\n<meta name=\"twitter:label1\" content=\"Est. reading time\" \/>\n\t<meta name=\"twitter:data1\" content=\"1 minute\" \/>\n<script type=\"application\/ld+json\" class=\"yoast-schema-graph\">{\"@context\":\"https:\/\/schema.org\",\"@graph\":[{\"@type\":\"WebSite\",\"@id\":\"https:\/\/demos.pixelgrade.com\/mies\/#website\",\"url\":\"https:\/\/demos.pixelgrade.com\/mies\/\",\"name\":\"MIES\",\"description\":\"An Avant-Garde Architecture WordPress Theme\",\"potentialAction\":[{\"@type\":\"SearchAction\",\"target\":{\"@type\":\"EntryPoint\",\"urlTemplate\":\"https:\/\/demos.pixelgrade.com\/mies\/?s={search_term_string}\"},\"query-input\":\"required name=search_term_string\"}],\"inLanguage\":\"en-US\"},{\"@type\":\"WebPage\",\"@id\":\"https:\/\/demos.pixelgrade.com\/mies\/profile\/?lang=de\",\"url\":\"https:\/\/demos.pixelgrade.com\/mies\/profile\/?lang=de\",\"name\":\"Profil - MIES\",\"isPartOf\":{\"@id\":\"https:\/\/demos.pixelgrade.com\/mies\/#website\"},\"datePublished\":\"2014-12-10T10:43:54+00:00\",\"dateModified\":\"2015-01-06T14:47:32+00:00\",\"breadcrumb\":{\"@id\":\"https:\/\/demos.pixelgrade.com\/mies\/profile\/?lang=de#breadcrumb\"},\"inLanguage\":\"en-US\",\"potentialAction\":[{\"@type\":\"ReadAction\",\"target\":[\"https:\/\/demos.pixelgrade.com\/mies\/profile\/?lang=de\"]}]},{\"@type\":\"BreadcrumbList\",\"@id\":\"https:\/\/demos.pixelgrade.com\/mies\/profile\/?lang=de#breadcrumb\",\"itemListElement\":[{\"@type\":\"ListItem\",\"position\":1,\"name\":\"Home\",\"item\":\"https:\/\/demos.pixelgrade.com\/mies\/\"},{\"@type\":\"ListItem\",\"position\":2,\"name\":\"Profil\"}]}]}<\/script>\n<!-- \/ Yoast SEO plugin. -->","yoast_head_json":{"title":"Profil - MIES","robots":{"index":"noindex","follow":"follow","max-snippet":"max-snippet:-1","max-image-preview":"max-image-preview:large","max-video-preview":"max-video-preview:-1"},"og_locale":"en_US","og_type":"article","og_title":"Profil - MIES","og_description":"Bern Zweig gegr\u00fcndet MIES Studio im Jahr 2014 nach einer erfolgreichen Karriere mit Top-Praktiken in London und Amsterdam. Wir sind eine Praxis, die sich auf die Bereitstellung au\u00dfergew\u00f6hnliches Design mit ber\u00fccksichtigt und pers\u00f6nlichem Service konzentriert. Unsere Arbeit zielt darauf ab, einen nachhaltigen Beitrag zur urbanen und nat\u00fcrlichen Kontext von Herausforderung zu machen, provozieren und begeistern...","og_url":"https:\/\/demos.pixelgrade.com\/mies\/profile\/?lang=de","og_site_name":"MIES","article_modified_time":"2015-01-06T14:47:32+00:00","twitter_card":"summary","twitter_misc":{"Est. reading time":"1 minute"},"schema":{"@context":"https:\/\/schema.org","@graph":[{"@type":"WebSite","@id":"https:\/\/demos.pixelgrade.com\/mies\/#website","url":"https:\/\/demos.pixelgrade.com\/mies\/","name":"MIES","description":"An Avant-Garde Architecture WordPress Theme","potentialAction":[{"@type":"SearchAction","target":{"@type":"EntryPoint","urlTemplate":"https:\/\/demos.pixelgrade.com\/mies\/?s={search_term_string}"},"query-input":"required name=search_term_string"}],"inLanguage":"en-US"},{"@type":"WebPage","@id":"https:\/\/demos.pixelgrade.com\/mies\/profile\/?lang=de","url":"https:\/\/demos.pixelgrade.com\/mies\/profile\/?lang=de","name":"Profil - MIES","isPartOf":{"@id":"https:\/\/demos.pixelgrade.com\/mies\/#website"},"datePublished":"2014-12-10T10:43:54+00:00","dateModified":"2015-01-06T14:47:32+00:00","breadcrumb":{"@id":"https:\/\/demos.pixelgrade.com\/mies\/profile\/?lang=de#breadcrumb"},"inLanguage":"en-US","potentialAction":[{"@type":"ReadAction","target":["https:\/\/demos.pixelgrade.com\/mies\/profile\/?lang=de"]}]},{"@type":"BreadcrumbList","@id":"https:\/\/demos.pixelgrade.com\/mies\/profile\/?lang=de#breadcrumb","itemListElement":[{"@type":"ListItem","position":1,"name":"Home","item":"https:\/\/demos.pixelgrade.com\/mies\/"},{"@type":"ListItem","position":2,"name":"Profil"}]}]}},"jetpack_sharing_enabled":true,"jetpack_shortlink":"https:\/\/wp.me\/P8pzos-6s","_links":{"self":[{"href":"https:\/\/demos.pixelgrade.com\/mies\/wp-json\/wp\/v2\/pages\/400","targetHints":{"allow":["GET"]}}],"collection":[{"href":"https:\/\/demos.pixelgrade.com\/mies\/wp-json\/wp\/v2\/pages"}],"about":[{"href":"https:\/\/demos.pixelgrade.com\/mies\/wp-json\/wp\/v2\/types\/page"}],"author":[{"embeddable":true,"href":"https:\/\/demos.pixelgrade.com\/mies\/wp-json\/wp\/v2\/users\/964"}],"replies":[{"embeddable":true,"href":"https:\/\/demos.pixelgrade.com\/mies\/wp-json\/wp\/v2\/comments?post=400"}],"version-history":[{"count":0,"href":"https:\/\/demos.pixelgrade.com\/mies\/wp-json\/wp\/v2\/pages\/400\/revisions"}],"wp:attachment":[{"href":"https:\/\/demos.pixelgrade.com\/mies\/wp-json\/wp\/v2\/media?parent=400"}],"curies":[{"name":"wp","href":"https:\/\/api.w.org\/{rel}","templated":true}]}}